st the prime factors of d.
2, 3
Let s be -5 + -2*2/(-4). Let i be (-7)/(1/s*2). Let b = i + -5. What are the prime factors of b?
3
Let t(v) = 2*v**2 - 5*v + 3. Let a be t(3). Suppose 0 = 4*p - 4*k - 28, -4*p = a*k - k - 46. List the prime factors of p.
3
Suppose -52 - 18 = -5*x. What are the prime factors of x?
2, 7
Let t(r) = r**2 - 2*r + 1. Let j be t(1). List the prime factors of (-2 - j) + 2 - -3.
3
Let l(q) = 2*q**2 - 8*q + 1. List the prime factors of l(6).
5
Let o be 6 + (-1)/((-3)/(-6)). Let f = 13 + o. What are the prime factors of 1/(2/2) + f?
2, 3
Let j = -66 - -98. Let l = -50 + j. List the prime factors of 4/l + (-58)/(-18).
3
Let g = 4 + -1. Suppose -p = -g*i - 13, 0*p - i = p - 21. Let j = p + 0. List the prime factors of j.
19
Suppose 102 = 7*o - 45. What are the prime factors of o?
3, 7
Let t(k) = -86*k - 14. List the prime factors of t(-2).
2, 79
Let n be ((-3)/6)/((-1)/110). Let v = 103 - n. What are the prime factors of v?
2, 3
Let o be 72/84*(-1 - -8). Suppose -s - 65 = -o*s. List the prime factors of s.
13
Let n be -3 - 6*(-3)/6. Let t = n + -3. Let i = t + 11. List the prime factors of i.
2
Let l(f) = -2*f**2 + f. Let s be l(1). Let n be s + ((-48)/(-3))/(-2). Let d(z) = -2*z - 13. List the prime factors of d(n).
5
Let g(q) = -q**3 + 11*q**2 + 11*q + 15. List the prime factors of g(12).
3
Suppose o = -k + 2, 6*k = -5*o + 3*k + 10. Let i(a) = 9*a + 2. List the prime factors of i(o).
2, 5
Suppose -5*q + 4*q = 0. Let v(o) = -o**3 + 4*o**2 + 7*o - 6. Let n be v(5). Suppose 0 = x + n*j - 18, -2*j - 3*j + 20 = q. List the prime factors of x.
2
Let g = -27 + -8. Let u = -24 - g. List the prime factors of u.
11
Let a(q) = 4*q**2. Let w = 6 - 6. Let z be (1 - w)/(3/3). What are the prime factors of a(z)?
2
Let x(a) = a - 2. Let n be x(1). List the prime factors of (-14)/(-4)*(1 - n).
7
Let i(k) = 0*k - 1 + 2*k + 11. Let v be i(7). Suppose -b = b - v. List the prime factors of b.
2, 3
Let x = -3 - 1. Let v = x - -15. List the prime factors of v.
11
Suppose 0 = -0*k - 3*k. Suppose -5*l + 25 = k, 0*l + l - 21 = -2*u. Let s = -4 + u. List the prime factors of s.
2
Let r be (-2)/10 - 78/10. Let s = r - -24. List the prime factors of s.
2
What are the prime factors of 34*-2*((-130)/(-8))/(-5)?
13, 17
Suppose -6 = 2*b + 3*c, 0 = -c + 4*c. List the prime factors of (b/2)/((-6)/16).
2
Let l(i) = i**3 + 6*i**2 - i - 8. Let u be l(-6). Let a(t) = -3*t**2 + 5*t**2 + 7*t**2 + 2 + t**3 + 2*t - 4*t**2. List the prime factors of a(u).
2, 5
Let r be 15/(-9) - (-4)/6. Let p(g) = -1. Let x(d) = -d**2 + d - 13. Let s(w) = r*x(w) + 6*p(w). List the prime factors of s(0).
7
Suppose 2 - 11 = -3*p. Suppose -2*x - p*x = -35. Suppose 2*j = x*j - 3*f - 57, 0 = -j - 2*f + 14. What are the prime factors of j?
2, 3
Let r(p) = -p + 5. Let s be r(0). Let a(b) = b - 3 + s - 1 + 0. List the prime factors of a(1).
2
Let g(x) = -x. Let n be g(3). Let o be 2*(-1 - (-3)/n). Let s = o - -7. What are the prime factors of s?
3
Let v = 8 + 26. What are the prime factors of v?
2, 17
Let v = 199 - 57. List the prime factors of v.
2, 71
Let c = -11 - -15. Suppose p - 6*p + 154 = -c*u, -3*u - 124 = -4*p. What are the prime factors of p?
2, 17
Let y(m) = -m**3 + 8*m**2 - 7*m - 8. Let b = 11 - 4. Let p be y(b). What are the prime factors of p/(-5) + (-4)/(-10)?
2
Suppose 3*m = -w + 19, 3*w - 13 = -m + 4. Let x(h) = -5 - w*h + 4 - 5. What are the prime factors of x(-4)?
2, 5
Let a = -5 + 9. Suppose -a*t - 9 - 11 = 0. Let i = t - -11. List the prime factors of i.
2, 3
Let n(u) = u + 4. Let f be n(-6). Let d be ((-6)/3)/(0 - f). What are the prime factors of 11 - (d - (-2)/1)?
2, 5
Let r be ((-9)/3 + -4)/(-1). Let k(m) = m + 3. Let d be k(r). Suppose 5*j = -0*j + d. What are the prime factors of j?
2
Let j = 118 + -82. What are the prime factors of j?
2, 3
Let p(m) = -m - 5. Let o be p(-8). Suppose -3*l = -o*u - 33 - 9, 5*u = -2*l + 42. What are the prime factors of l?
2
Let h(b) = 241*b**2 + 2*b - 4. List the prime factors of h(1).
239
Suppose -4 = -5*k + k, -v = -k + 5. Let u be (-1)/v - (-74)/(-8). Let b = -3 - u. What are the prime factors of b?
2, 3
Let d(p) = -p + 11. Let y be d(13). Let m = y - -25. What are the prime factors of m?
23
Let a(s) = s**3 - 6*s**2 - 4*s + 11. List the prime factors of a(8).
107
Let l = 40 + -13. What are the prime factors of l?
3
Suppose 5 + 4 = -3*r. Let m = r - 0. List the prime factors of (-32)/m - 3/(-9).
11
Let t(d) = d**2 - d. Let l be (0 - (-3 - -2)) + 2. Let z be t(l). Let n(b) = b**2 - 5*b + 4. What are the prime factors of n(z)?
2, 5
Let t = 4 - -3. Suppose m + h = 3 + t, -22 = -m - 5*h. What are the prime factors of m?
7
Let y(i) = 7*i - 8*i + 3*i - 3 + 2*i**2. List the prime factors of y(3).
3, 7
Let n = 56 - -29. Suppose 162 = 3*y + 3*b, -5*b + n = -2*y + 200. Suppose 5*i - 15 = y. List the prime factors of i.
2, 7
Suppose 0*k = -4*k - 2*x + 42, -2*x = -4*k + 22. Suppose -6 = k*t - 9*t. What are the prime factors of t?
2, 3
Suppose 0 = -3*x - 5 - 1. Let b = x + 5. List the prime factors of b.
3
Let a = -5 + 30. List the prime factors of a.
5
Let z(s) = -5*s - 6*s + 2*s + 4 + s. Let r be z(-4). Suppose -4*q + 0*x = x - r, 2*q - x - 18 = 0. List the prime factors of q.
3
Let f(z) = 30*z. Let h be f(-1). Let c be 24/h - (-1)/(-5). List the prime factors of -2 + c/(2/(-20)).
2
List the prime factors of (-2)/(-9) - (-3756)/108.
5, 7
Let l be 103 + (1 - -2) + -2. Suppose 0 = 2*w + 2*k - 50, 4*w - l = -0*k - 3*k. List the prime factors of w.
29
Suppose 15*q = 10*q + 80. What are the prime factors of q?
2
Suppose 5*l - 2*u = 0, 5*l = -6*u + u. Suppose l = -2*p - 3*p + 160. What are the prime factors of p?
2
Suppose 3*s = 131 + 4. Suppose -3*k - 2*u = -30, -4*k + 4*u = 5*u - s. What are the prime factors of k?
2, 3
Suppose 11 = -i + 120. What are the prime factors of i?
109
Let c(y) be the second derivative of 4*y**3/3 - y. List the prime factors of c(1).
2
Suppose 0*l = -3*v + 5*l - 57, l = -2*v - 38. Let r be (v/3)/((-1)/(-3)). Let c = r + 27. What are the prime factors of c?
2
Suppose 431 = 4*s + 3*r - 454, 4*s - 890 = 2*r. List the prime factors of s.
2, 3, 37
Let g = 160 - 86. List the prime factors of g.
2, 37
Suppose 0 = 4*h + 16, -4*z + 4 = z - h. Let g = 22 + -15. Let o = g - z. What are the prime factors of o?
7
Let y(n) = -n**3 + 10*n**2 + 12*n - 9. Let s be y(11). Suppose 0*d - s = d. What are the prime factors of 5 - d - (-2 + -1)?
2, 5
Suppose 6 = 3*q, -b - 4*b + q - 97 = 0. Let z = b - -32. List the prime factors of z.
13
Let g(h) = -5*h**3 + 4*h**3 + 7*h**3 - 5*h**3 - 5*h + 4*h**2. What are the prime factors of g(-4)?
2, 5
Suppose -v - 14 + 4 = 0. Let o = 30 + v. What are the prime factors of o?
2, 5
Let b be 18/(-81) + 508/18. Let o(f) = f**3 + 6*f**2 - 7*f + 3. Let v be o(-7). Suppose n = -v*n + b. What are the prime factors of n?
7
Suppose 6*t = t + 15. Suppose 2*o = -t*o - 20, 0 = 4*y - 4*o - 40. Suppose y*b - 30 = b. List the prime factors of b.
2, 3
Let z(x) = -4*x**2 + 3*x + x**3 + 7 - 7. What are the prime factors of z(4)?
2, 3
Let d(k) = 3*k - 9. Let c be (-1)/(-4)*-2*-2. Let h be 2*c*24/8. What are the prime factors of d(h)?
3
Suppose 3*w - 40 = -w. What are the prime factors of w - (6 + -4) - 0?
2
Suppose 4*j = -8, 3*i + 2*j + 3 - 11 = 0. Let m = i - -9. List the prime factors of m.
13
Suppose 0 = 2*a - 4 - 4. Let n(i) = 2*i**2 - 7*i + 4. Let p be n(a). Suppose -4*b + 11 = 5*h - p, 3*b = h. List the prime factors of h.
3
Suppose 5*h - 166 + 62 = 2*p, -h = -4*p - 28. List the prime factors of h.
2, 5
Let o(w) = -w**3 - 10*w**2 - w + 4. Suppose -7*z + 3*z = 40. What are the prime factors of o(z)?
2, 7
Let i be (-21)/(-14)*4/(-6). What are the prime factors of 8/((i + -2)/(-3))?
2
Suppose 0 = 8*f - 3*f - 100. What are the prime factors of (f/25)/((-1)/(-10))?
2
Suppose s + 2*s - 159 = -5*c, 5*s = -3*c + 105. What are the prime factors of c?
2, 3, 5
Let s(z) = -4*z. Let n be 2 + -3 + 1 + -3. List the prime factors of s(n).
2, 3
Let r(j) = j**2 + 2*j - 1. Suppose 5*g = 3 + 2. Suppose -4 = -3*l - g. What are the prime factors of r(l)?
2
Let p(m) = -m**2 - 10*m + 4. Let n(g) = g**2 + 9*g - 4. Let i(f) = 5*n(f) + 4*p(f). Let u be i(3). Suppose 0 = 7*q - 3*q - u. What are the prime factors of q?
5
What are the prime f